ts digit of v?
1
Let q be 1/3*(10 + -1). What is the units digit of 3 - (q + (-35)/1)?
5
Let y be ((-5)/(-15))/(2/6). Suppose -5*f + g = -3*g - 49, 0 = -f + 3*g + y. What is the units digit of f?
3
Let w = 45 + -7. What is the units digit of w?
8
What is the tens digit of 22/66*138/2?
2
Let i = -21 + 34. Let x be (-11)/i + 8/(-52). Let o = 1 - x. What is the units digit of o?
2
Suppose 7*w + 9 = 44. What is the tens digit of (-20)/(-50) - (-63)/w?
1
Suppose 9*z - 20 = 4*z. Suppose 0 = z*o - o. What is the units digit of (-1 + (o - -3))/2?
1
Let s = -3 + -1. Let a = 0 - s. What is the units digit of a?
4
Suppose 0 = s + s. Suppose n + 3*c - 25 - 20 = s, 2*n - 3*c = 45. Let m = -17 + n. What is the tens digit of m?
1
Let s(q) be the second derivative of -q**5/5 - q**3/6 + q. What is the units digit of s(-1)?
5
Let j(s) = s**3 + s**2 + s - 1. Let b(o) = -3*o**3 + 3*o**2 - 4*o - 2. Let a(u) = b(u) + 2*j(u). What is the units digit of a(3)?
8
Suppose -3*f - z + 2 = f, -10 = -2*f + 4*z. Suppose -d - 9 = 5*x, -x + 0*x = d + f. What is the units digit of d/(-2)*-14*1?
7
Suppose 2*n - 3*n = -2*x, -3*x - 2*n - 7 = 0. What is the tens digit of 11 + (2 - x) + 0?
1
Let u = 39 + -73. Let n = u - -51. What is the units digit of n?
7
Let m(y) = -y**2 - 8*y + 7. Let o be m(-5). Suppose q - o = -1. Suppose 4*g - 11 = q. What is the units digit of g?
8
Let p = 198 + -110. What is the tens digit of p?
8
Let l(s) = -2*s**3 + 4*s**2 + 4*s. Let h(v) = -v**3 + 5*v**2 + 3*v. Let k(r) = -3*h(r) + 2*l(r). What is the units digit of k(-7)?
7
Let s = 108 - -34. What is the units digit of s?
2
Let f = 28 + 9. What is the tens digit of f?
3
Suppose 0 = -6*f + 3*f + 6. Suppose 5*a - 33 = -4*d + 16, 0 = -d - f*a + 16. What is the units digit of (18/(-4))/((-3)/d)?
9
Suppose 5*c - 4*j = -7*j + 57, 2*j = -5*c + 53. Let y = c + -4. Let l = y + 3. What is the units digit of l?
8
Let n(m) = m**3 - 11*m**2 + 11*m - 1. Let s be n(10). Let y = s + 4. What is the units digit of y?
3
What is the units digit of -21*(-20)/18*(0 + 3)?
0
Suppose 423 = 5*o + b, -o = 4*o - b - 417. What is the units digit of o?
4
Suppose 0*k + 2*k = -10. Let n be ((-2)/k)/(3/15). Suppose 5*j - 39 - 24 = n*u, 2*j - 4*u = 22. What is the units digit of j?
3
Let l = 8 - -1. What is the units digit of l?
9
Let c(l) = l**3 - 6*l**2 - 7*l + 17. What is the units digit of c(7)?
7
Let p = 0 - 0. Let d be (18/42)/((-1)/(-7)). Let g = d + p. What is the units digit of g?
3
Let v = -122 + 220. What is the units digit of v?
8
Suppose 66 = 4*h + x, 19 = 3*h - 4*x - 21. What is the tens digit of h?
1
Suppose y + 1 = -4*c, 0 = -5*y + 5*c + 52 - 7. What is the units digit of y?
7
Suppose y = -0 - 2, y = 3*o - 11. Let p be (3 - o)/(-1 + -1). Suppose p = 2*m - 4. What is the units digit of m?
2
Suppose 108 = -2*k + 5*k. What is the tens digit of k?
3
Suppose 5*s - 78 = -3*m + 2*s, 0 = m + 4*s - 11. What is the tens digit of m?
3
What is the tens digit of 147 + (9/(-6) + 2)*4?
4
Suppose 4*l = 222 + 162. What is the tens digit of l?
9
Let y(o) be the second derivative of o**5/20 + 2*o**4/3 + o**2 + 2*o. What is the units digit of y(-8)?
2
Let p = 19 - 12. What is the units digit of p?
7
Let t(a) = a**2 - 2*a - 7. Let z be t(5). Suppose z = 3*r - 7. What is the units digit of r?
5
What is the units digit of 25 + 3*3/(-9)?
4
Suppose 0 = -w - 4 + 11. Suppose -3*z + w = -2. What is the units digit of z?
3
Suppose 0 = p + 4*p + 25, -3*p = -2*k + 23. Let u(z) = -k - 8*z**3 + 0*z + 0*z + 5. What is the units digit of u(-1)?
9
Suppose -c + 8 = -2*i + 2*c, -4*c = i - 18. Suppose i*d = 0, -3*x = 2*x - 4*d - 25. Suppose -2*q - x*k + 2 = -2*k, 3*k = 4*q - 40. What is the units digit of q?
7
Suppose 0 = 4*o - 12, -4*o + 2*o = -5*v - 66. Let x = -27 - v. Let q = 28 + x. What is the units digit of q?
3
Let o = 11 + -7. Suppose -o*a + 8*a - 128 = 0. Suppose -4*i - t = 2*t - 32, -4*i - 5*t + a = 0. What is the units digit of i?
8
Suppose -v = 2*m - 246, -7*m + 3*m + 2*v = -492. What is the tens digit of m?
2
Suppose 0 = -k - 4*r + 40, r = k - 2 - 18. What is the tens digit of k?
2
Suppose 0 = 7*w - 3*w + 4. What is the units digit of w/(-5) - 312/(-15)?
1
What is the tens digit of (-9)/(-12) + 266/8?
3
Let f(n) = n - 1. Let l be f(6). Suppose 0 = -5*z + l*q - 4 + 29, 3*z = -q + 15. Suppose -j = -z*j + 28. What is the units digit of j?
7
Let q(b) = 8*b + 3. Let u(f) = -7*f - 4. Let v(j) = -6*q(j) - 7*u(j). Let h be v(-9). What is the units digit of (5/(-1))/(h/(-1))?
5
Suppose 0*n = n - 3. Let g be 108/n + -1 - 2. Let o = g + -17. What is the tens digit of o?
1
Let i = 97 + -22. What is the tens digit of i?
7
What is the hundreds digit of (-6 + (1 - 1))*-17?
1
Let n = 1 + 3. Let p be (-2)/4 - (-18)/n. Suppose 3*m = -5*d - 10, d + p*d = -2*m - 5. What is the units digit of d?
1
Suppose -4*x + 92 = 4*w, 3*w = -6*x + x + 111. What is the tens digit of x?
2
Suppose 0 = 3*r + r - 40. Suppose 3*w + 1 - r = 0. What is the units digit of 1/w - 2/(-3)?
1
Let d be -1*(3 + -1 - 3). Suppose 2 - 5 = -3*k. What is the units digit of (k - (d - 1)) + 4?
5
Let q = -6 + 9. Suppose q*h - 5 - 4 = 0. Let u = 5 - h. What is the units digit of u?
2
Let z(c) = -c**3 + 10*c**2 + 5*c - 9. What is the units digit of z(10)?
1
Let v = -16 - -117. What is the units digit of v?
1
Suppose 66*o - 880 = 61*o. What is the units digit of o?
6
Suppose -4*v - 3 = -5*i, -i = -2*i - 4*v + 15. What is the units digit of i?
3
Let t(h) = h**2 - 4*h - 5. Let f be t(5). Let p be 0 + 5 + 1/(-1). What is the units digit of (6 - f)*2/p?
3
Suppose 3*n + 51 = -3*b, 0*n + 2*n + 12 = -b. Let s = b - -37. What is the tens digit of s?
1
Let v(h) be the second derivative of h**4/4 + h**3/3 - h**2 - 11*h. What is the units digit of v(-2)?
6
Let y be -2 - (-1 - 2/2). Suppose -3*z + 0 + 9 = y. What is the units digit of z?
3
Let o(w) be the third derivative of -w**5/60 - 5*w**4/24 + 5*w**3/6 - w**2. What is the units digit of o(-5)?
5
Let m(y) be the third derivative of 3*y**4/8 + y**3/6 - y**2. What is the tens digit of m(1)?
1
Let l(w) = -w**2 + 21*w + 2. What is the units digit of l(9)?
0
What is the units digit of 11 + -7 + 2*-1?
2
Let u be 6/21 + 5/7. Suppose u = 2*p - p. Let m = p - -6. What is the units digit of m?
7
Let h be 0 - (11 - 3 - -3). Let r(d) = d**2 + 8*d. What is the units digit of r(h)?
3
Suppose -3*b - 3 + 0 = 4*z, 2*z = 2*b + 16. What is the units digit of (-1)/(1*(-1)/z)?
3
Let y(l) = -4*l**3 - 2*l**2 + l. Let g be y(1). Let v be ((-33)/(-6) - -1)*-2. Let i = g - v. What is the units digit of i?
8
Suppose 0 = 2*q + q + 6. Let t be (16/(-20))/(q/(-10)). Let j = t + 12. What is the units digit of j?
8
Suppose 2*t = 5*h - 243 + 14, 2*h + 2*t - 86 = 0. Suppose -2*i = -5*i + h. What is the tens digit of i?
1
Let m(z) be the second derivative of z**5/20 + 5*z**4/12 - 4*z**3/3 - 3*z**2/2 + 2*z. Let p be m(-6). What is the units digit of 6*((-48)/p)/(-4)?
8
Let i(f) = -f**2 - 4*f + 5. Let x be i(-4). Let n(m) = -m + 0*m + m + 2*m - x. What is the units digit of n(8)?
1
Suppose -2*p - 38 = -200. Suppose w = -2*l - 23 - 10, 5*l = -w - p. Let o = -3 - l. What is the tens digit of o?
1
Suppose -2*x + 175 = 3*x. What is the units digit of x?
5
Suppose -5*x = -7 - 3. Suppose 5*s - 5*j - 85 = 0, 2*s = -j + 12 + 25. Suppose -x*t + 4*q + 12 = -s, -3*q - 19 = -t. What is the units digit of t?
7
Suppose -2*u = -6*u + 8. Suppose 0*a = 4*a + 3*f + u, -11 = -a + 5*f. What is the units digit of a?
1
Let n(s) = -s + 13. Let u be n(16). What is the units digit of (-7 - -2)*u + -1?
4
Suppose -3*z - 5*f + 277 = 0, 8 = 5*z + 2*f - 422. What is the units digit of z?
4
Let p(z) = -2*z - 6. Let t = -1 - -3. Suppose -4*a - 19 = -a - t*d, a = 3*d - 11. What is the units digit of p(a)?
4
Let b(a) = -a + 7. Suppose -2*s + 17 = 5. Let j be b(s). What is the units digit of -1 + j - (4 - 19)?
5
Let j be (-36)/4*(-2)/6. Suppose 5*o - 82 = j*o - 2*f, 2*f - 39 = -o. What is the units digit of o?
3
Let g(o) = -o + 1. Let i(s) = -s**3 + s**2 - s. Let h(l) = 5*l**3 - 2*l**2 + 3*l + 5. Let u(y) = h(y) + 6*i(y). Let m be u(4). What is the units digit of g(m)?
8
Suppose -665 = 30*d - 35*d. What is the units digit of d?
3
Let g = 352 + -176. What is the tens digit of g?
7
Let o(x) = -42*x**2 + 2*x + 2. Let a(q) = -42*q**2